{"id":187,"date":"2021-01-14T10:26:04","date_gmt":"2021-01-14T09:26:04","guid":{"rendered":"https:\/\/cste.be\/cse\/v2\/?page_id=187"},"modified":"2021-02-08T13:19:02","modified_gmt":"2021-02-08T12:19:02","slug":"projet-educatif-et-pedagogique","status":"publish","type":"page","link":"https:\/\/cste.be\/cse\/projet-educatif-et-pedagogique\/","title":{"rendered":"Projet \u00e9ducatif et p\u00e9dagogique"},"content":{"rendered":"<p>[et_pb_section fb_built=\u00a0\u00bb1&Prime; _builder_version=\u00a0\u00bb4.8.2&Prime; _module_preset=\u00a0\u00bbdefault\u00a0\u00bb background_image=\u00a0\u00bbhttps:\/\/cste.be\/cse\/wp-content\/uploads\/2021\/01\/BATIMENTS_CSE-4-scaled.jpg\u00a0\u00bb custom_padding=\u00a0\u00bb||58px|||\u00a0\u00bb hover_enabled=\u00a0\u00bb0&Prime; title_text=\u00a0\u00bbBATIMENTS_CSE-4&Prime; sticky_enabled=\u00a0\u00bb0&Prime;][et_pb_row _builder_version=\u00a0\u00bb4.6.6&Prime; _module_preset=\u00a0\u00bbdefault\u00a0\u00bb][et_pb_column type=\u00a0\u00bb4_4&Prime; _builder_version=\u00a0\u00bb4.6.6&Prime; _module_preset=\u00a0\u00bbdefault\u00a0\u00bb][et_pb_text _builder_version=\u00a0\u00bb4.6.6&Prime; _dynamic_attributes=\u00a0\u00bbcontent\u00a0\u00bb _module_preset=\u00a0\u00bbdefault\u00a0\u00bb text_font=\u00a0\u00bb|||on|||||\u00a0\u00bb text_text_color=\u00a0\u00bb#ffffff\u00a0\u00bb text_font_size=\u00a0\u00bb31px\u00a0\u00bb text_orientation=\u00a0\u00bbcenter\u00a0\u00bb text_text_shadow_style=\u00a0\u00bbpreset1&Prime;]@ET-DC@eyJkeW5hbWljIjp0cnVlLCJjb250ZW50IjoicG9zdF90aXRsZSIsInNldHRpbmdzIjp7ImJlZm9yZSI6IiIsImFmdGVyIjoiIn19@[\/et_pb_text][\/et_pb_column][\/et_pb_row][\/et_pb_section][et_pb_section fb_built=\u00a0\u00bb1&Prime; _builder_version=\u00a0\u00bb4.6.6&Prime; _module_preset=\u00a0\u00bbdefault\u00a0\u00bb][et_pb_row _builder_version=\u00a0\u00bb4.6.6&Prime; _module_preset=\u00a0\u00bbdefault\u00a0\u00bb][et_pb_column type=\u00a0\u00bb4_4&Prime; _builder_version=\u00a0\u00bb4.6.6&Prime; _module_preset=\u00a0\u00bbdefault\u00a0\u00bb][et_pb_text _builder_version=\u00a0\u00bb4.6.6&Prime; _module_preset=\u00a0\u00bbdefault\u00a0\u00bb]<\/p>\n<p>Le <strong>Coll\u00e8ge Saint-Etienne<\/strong> ne s\u00e9pare pas l&rsquo;\u00e9ducation humaine de l&rsquo;\u00e9ducation chr\u00e9tienne. Une communaut\u00e9 \u00e9ducative d&rsquo;enseignement catholique est ouverte au monde, respectant et cultivant les diff\u00e9rences, afin que rien d&rsquo;humain ne lui soit \u00e9tranger, mais en m\u00eame temps, elle se laisse interpeller par la personne du Christ et son message. Sa vis\u00e9e p\u00e9dagogique est l&rsquo;\u00e9ducation totale de la personne, \u00e9quilibrant le d\u00e9veloppement physique, intellectuel et spirituel, les \u00e9veils artistiques et techniques, l&rsquo;implication sociale et culturelle.<\/p>\n<p> Nous, Pouvoir Organisateur, personnel du Coll\u00e8ge, parents et \u00e9l\u00e8ves, acceptons ce projet et nous engageons \u00e0 en \u00eatre partie prenante, nous effor\u00e7ant donc de d\u00e9velopper:<br \/> &#8211; une attitude d&rsquo;accueil et d&rsquo;\u00e9coute active qui s&rsquo;enrichisse des diff\u00e9rences sociales et culturelles, et qui implique un renforcement des liens entre les diff\u00e9rentes options et sections;<br \/> &#8211; le respect et la recherche de compr\u00e9hension de chacun dans ses d\u00e9marches spirituelles et dans sa qu\u00eate d&rsquo;un sens \u00e0 la vie;<br \/> &#8211; un sens actif de la libert\u00e9 d&rsquo;exprimer, de s&rsquo;exprimer et d&rsquo;\u00eatre qui s&rsquo;accompagne d&rsquo;un engagement \u00e0 assumer ses responsabilit\u00e9s et qui tienne compte des contraintes de la vie communautaire;<br \/> &#8211; un souci constant de la relation, de la communication et de l&rsquo;information mutuelle qui fasse de l&rsquo;\u00e9cole un lieu de vie et d&rsquo;\u00e9panouissement. Ceci implique que les parents, les \u00e9l\u00e8ves et le personnel soient inform\u00e9s et\/ou consult\u00e9s, quant aux activit\u00e9s et d\u00e9cisions qui influencent l&rsquo;\u00e9volution de l&rsquo;\u00e9cole;<br \/> &#8211; des structures propres \u00e0 favoriser la concertation et le dialogue qui garantissent la mise en oeuvre pratique de ce projet et qui veillent \u00e0 am\u00e9liorer le cadre de vie et les temps de rencontre et de loisirs actifs.<\/p>\n<p> Afin de pr\u00e9parer le jeune \u00e0 prendre une part active dans le monde, la p\u00e9dagogie sera attentive aux points qui suivent:<\/p>\n<p> <em><strong>1. La formation visera :<\/strong><\/em><br \/> &#8211; \u00e0 permettre la d\u00e9couverte active du monde ext\u00e9rieur en favorisant diff\u00e9rentes ouvertures, qu&rsquo;elles soient culturelles ou sociales;<br \/> &#8211; \u00e0 s&rsquo;adapter aux r\u00e9alit\u00e9s du monde par des contacts directs et r\u00e9guliers,<br \/> &#8211; \u00e0 s&rsquo;ajuster \u00e0 l&rsquo;avenir professionnel et scolaire de l&rsquo;\u00e9l\u00e8ve,<br \/> &#8211; \u00e0 prendre part \u00e0 la transformation du monde dans un esprit de solidarit\u00e9, de respect des hommes et de la nature.<\/p>\n<p> <em><strong>2. Pour ce faire, nous veillerons plus particuli\u00e8rement \u00e0:<\/strong><\/em><br \/> &#8211; asseoir une formation solide fond\u00e9e sur l&rsquo;acquisition de connaissances, le d\u00e9veloppement de l&rsquo;esprit critique et la cr\u00e9ativit\u00e9;<br \/> &#8211; installer la rigueur, la ponctualit\u00e9, le go\u00fbt du travail bien fait et le sens de l&rsquo;organisation ;<br \/> &#8211; d\u00e9velopper la responsabilit\u00e9 et le respect face \u00e0 l&rsquo;environnement, de mani\u00e8re \u00e0 promouvoir un cadre de vie et de travail qui r\u00e9ponde aux besoins de chacun et soit propice \u00e0 la meilleure r\u00e9alisation des objectifs p\u00e9dagogiques;<br \/> &#8211; garantir le droit de chacun \u00e0 \u00eatre encourag\u00e9 et valoris\u00e9 dans ses points forts, et \u00e0 b\u00e9n\u00e9ficier d&rsquo;une guidance personnalis\u00e9e favorable \u00e0 sa progression personnelle;<br \/> &#8211; instaurer une coordination rassemblant autant que possible les \u00e9l\u00e8ves et le personnel des diff\u00e9rentes sections autour d&rsquo;une approche vivante des r\u00e9alit\u00e9s du monde et des mati\u00e8res.<\/p>\n<p> Les parents et le personnel du Coll\u00e8ge doivent \u00eatre en premier lieu des adultes qui sont l\u00e0 pour aider les \u00e9l\u00e8ves \u00e0 assumer leurs responsabilit\u00e9s et \u00e0 se rendre ma\u00eetres de leurs activit\u00e9s.<\/p>\n<p> Tous les membres de la communaut\u00e9 \u00e9ducative s&rsquo;engagent \u00e0 adh\u00e9rer \u00e0 ce projet \u00e9ducatif et p\u00e9dagogique, \u00e0 collaborer \u00e0 sa r\u00e9alisation et aux ajustements p\u00e9riodiques qu&rsquo;il n\u00e9cessite.<\/p>\n<p>[\/et_pb_text][\/et_pb_column][\/et_pb_row][\/et_pb_section]<\/p>\n","protected":false},"excerpt":{"rendered":"<p>[et_pb_section fb_built=\u00a0\u00bb1&Prime; _builder_version=\u00a0\u00bb4.8.2&Prime; _module_preset=\u00a0\u00bbdefault\u00a0\u00bb background_image=\u00a0\u00bbhttps:\/\/cste.be\/cse\/wp-content\/uploads\/2021\/01\/BATIMENTS_CSE-4-scaled.jpg\u00a0\u00bb custom_padding=\u00a0\u00bb||58px|||\u00a0\u00bb hover_enabled=\u00a0\u00bb0&Prime; title_text=\u00a0\u00bbBATIMENTS_CSE-4&Prime; sticky_enabled=\u00a0\u00bb0&Prime;][et_pb_row _builder_version=\u00a0\u00bb4.6.6&Prime; _module_preset=\u00a0\u00bbdefault\u00a0\u00bb][et_pb_column type=\u00a0\u00bb4_4&Prime; _builder_version=\u00a0\u00bb4.6.6&Prime; _module_preset=\u00a0\u00bbdefault\u00a0\u00bb][et_pb_text _builder_version=\u00a0\u00bb4.6.6&Prime; _dynamic_attributes=\u00a0\u00bbcontent\u00a0\u00bb _module_preset=\u00a0\u00bbdefault\u00a0\u00bb text_font=\u00a0\u00bb|||on|||||\u00a0\u00bb text_text_color=\u00a0\u00bb#ffffff\u00a0\u00bb text_font_size=\u00a0\u00bb31px\u00a0\u00bb text_orientation=\u00a0\u00bbcenter\u00a0\u00bb text_text_shadow_style=\u00a0\u00bbpreset1&Prime;]@ET-DC@eyJkeW5hbWljIjp0cnVlLCJjb250ZW50IjoicG9zdF90aXRsZSIsInNldHRpbmdzIjp7ImJlZm9yZSI6IiIsImFmdGVyIjoiIn19@[\/et_pb_text][\/et_pb_column][\/et_pb_row][\/et_pb_section][et_pb_section fb_built=\u00a0\u00bb1&Prime; _builder_version=\u00a0\u00bb4.6.6&Prime; _module_preset=\u00a0\u00bbdefault\u00a0\u00bb][et_pb_row _builder_version=\u00a0\u00bb4.6.6&Prime; _module_preset=\u00a0\u00bbdefault\u00a0\u00bb][et_pb_column type=\u00a0\u00bb4_4&Prime; _builder_version=\u00a0\u00bb4.6.6&Prime; _module_preset=\u00a0\u00bbdefault\u00a0\u00bb][et_pb_text _builder_version=\u00a0\u00bb4.6.6&Prime; _module_preset=\u00a0\u00bbdefault\u00a0\u00bb] Le Coll\u00e8ge Saint-Etienne ne s\u00e9pare pas l&rsquo;\u00e9ducation humaine de l&rsquo;\u00e9ducation chr\u00e9tienne. Une communaut\u00e9 \u00e9ducative d&rsquo;enseignement catholique est ouverte au monde, respectant et cultivant [&hellip;]<\/p>\n","protected":false},"author":1,"featured_media":0,"parent":0,"menu_order":0,"comment_status":"closed","ping_status":"closed","template":"","meta":{"_et_pb_use_builder":"on","_et_pb_old_content":"<!-- wp:divi\/placeholder \/-->","_et_gb_content_width":""},"_links":{"self":[{"href":"https:\/\/cste.be\/cse\/wp-json\/wp\/v2\/pages\/187"}],"collection":[{"href":"https:\/\/cste.be\/cse\/wp-json\/wp\/v2\/pages"}],"about":[{"href":"https:\/\/cste.be\/cse\/wp-json\/wp\/v2\/types\/page"}],"author":[{"embeddable":true,"href":"https:\/\/cste.be\/cse\/wp-json\/wp\/v2\/users\/1"}],"replies":[{"embeddable":true,"href":"https:\/\/cste.be\/cse\/wp-json\/wp\/v2\/comments?post=187"}],"version-history":[{"count":7,"href":"https:\/\/cste.be\/cse\/wp-json\/wp\/v2\/pages\/187\/revisions"}],"predecessor-version":[{"id":1072,"href":"https:\/\/cste.be\/cse\/wp-json\/wp\/v2\/pages\/187\/revisions\/1072"}],"wp:attachment":[{"href":"https:\/\/cste.be\/cse\/wp-json\/wp\/v2\/media?parent=187"}],"curies":[{"name":"wp","href":"https:\/\/api.w.org\/{rel}","templated":true}]}}

Projet éducatif et pédagogique

<p>[et_pb_section fb_built= »1&Prime; _builder_version= »4.8.2&Prime; _module_preset= »default » background_image= »https://cste.be/cse/wp-content/uploads/2021/01/BATIMENTS_CSE-4-scaled.jpg » custom_padding= »||58px||| » hover_enabled= »0&Prime; title_text= »BATIMENTS_CSE-4&Prime; sticky_enabled= »0&Prime;][et_pb_row _builder_version= »4.6.6&Prime; _module_preset= »default »][et_pb_column type= »4_4&Prime; _builder_version= »4.6.6&Prime; _module_preset= »default »][et_pb_text _builder_version= »4.6.6&Prime; _dynamic_attributes= »content » _module_preset= »default » text_font= »|||on||||| » text_text_color= »#ffffff » text_font_size= »31px » text_orientation= »center » text_text_shadow_style= »preset1&Prime;]@ET-DC@eyJkeW5hbWljIjp0cnVlLCJjb250ZW50IjoicG9zdF90aXRsZSIsInNldHRpbmdzIjp7ImJlZm9yZSI6IiIsImFmdGVyIjoiIn19@[/et_pb_text][/et_pb_column][/et_pb_row][/et_pb_section][et_pb_section fb_built= »1&Prime; _builder_version= »4.6.6&Prime; _module_preset= »default »][et_pb_row _builder_version= »4.6.6&Prime; _module_preset= »default »][et_pb_column type= »4_4&Prime; _builder_version= »4.6.6&Prime; _module_preset= »default »][et_pb_text _builder_version= »4.6.6&Prime; _module_preset= »default »]</p>
<p>Le <strong>Collège Saint-Etienne</strong> ne sépare pas l&rsquo;éducation humaine de l&rsquo;éducation chrétienne. Une communauté éducative d&rsquo;enseignement catholique est ouverte au monde, respectant et cultivant les différences, afin que rien d&rsquo;humain ne lui soit étranger, mais en même temps, elle se laisse interpeller par la personne du Christ et son message. Sa visée pédagogique est l&rsquo;éducation totale de la personne, équilibrant le développement physique, intellectuel et spirituel, les éveils artistiques et techniques, l&rsquo;implication sociale et culturelle.</p>
<p> Nous, Pouvoir Organisateur, personnel du Collège, parents et élèves, acceptons ce projet et nous engageons à en être partie prenante, nous efforçant donc de développer:<br /> &#8211; une attitude d&rsquo;accueil et d&rsquo;écoute active qui s&rsquo;enrichisse des différences sociales et culturelles, et qui implique un renforcement des liens entre les différentes options et sections;<br /> &#8211; le respect et la recherche de compréhension de chacun dans ses démarches spirituelles et dans sa quête d&rsquo;un sens à la vie;<br /> &#8211; un sens actif de la liberté d&rsquo;exprimer, de s&rsquo;exprimer et d&rsquo;être qui s&rsquo;accompagne d&rsquo;un engagement à assumer ses responsabilités et qui tienne compte des contraintes de la vie communautaire;<br /> &#8211; un souci constant de la relation, de la communication et de l&rsquo;information mutuelle qui fasse de l&rsquo;école un lieu de vie et d&rsquo;épanouissement. Ceci implique que les parents, les élèves et le personnel soient informés et/ou consultés, quant aux activités et décisions qui influencent l&rsquo;évolution de l&rsquo;école;<br /> &#8211; des structures propres à favoriser la concertation et le dialogue qui garantissent la mise en oeuvre pratique de ce projet et qui veillent à améliorer le cadre de vie et les temps de rencontre et de loisirs actifs.</p>
<p> Afin de préparer le jeune à prendre une part active dans le monde, la pédagogie sera attentive aux points qui suivent:</p>
<p> <em><strong>1. La formation visera :</strong></em><br /> &#8211; à permettre la découverte active du monde extérieur en favorisant différentes ouvertures, qu&rsquo;elles soient culturelles ou sociales;<br /> &#8211; à s&rsquo;adapter aux réalités du monde par des contacts directs et réguliers,<br /> &#8211; à s&rsquo;ajuster à l&rsquo;avenir professionnel et scolaire de l&rsquo;élève,<br /> &#8211; à prendre part à la transformation du monde dans un esprit de solidarité, de respect des hommes et de la nature.</p>
<p> <em><strong>2. Pour ce faire, nous veillerons plus particulièrement à:</strong></em><br /> &#8211; asseoir une formation solide fondée sur l&rsquo;acquisition de connaissances, le développement de l&rsquo;esprit critique et la créativité;<br /> &#8211; installer la rigueur, la ponctualité, le goût du travail bien fait et le sens de l&rsquo;organisation ;<br /> &#8211; développer la responsabilité et le respect face à l&rsquo;environnement, de manière à promouvoir un cadre de vie et de travail qui réponde aux besoins de chacun et soit propice à la meilleure réalisation des objectifs pédagogiques;<br /> &#8211; garantir le droit de chacun à être encouragé et valorisé dans ses points forts, et à bénéficier d&rsquo;une guidance personnalisée favorable à sa progression personnelle;<br /> &#8211; instaurer une coordination rassemblant autant que possible les élèves et le personnel des différentes sections autour d&rsquo;une approche vivante des réalités du monde et des matières.</p>
<p> Les parents et le personnel du Collège doivent être en premier lieu des adultes qui sont là pour aider les élèves à assumer leurs responsabilités et à se rendre maîtres de leurs activités.</p>
<p> Tous les membres de la communauté éducative s&rsquo;engagent à adhérer à ce projet éducatif et pédagogique, à collaborer à sa réalisation et aux ajustements périodiques qu&rsquo;il nécessite.</p>
<p>[/et_pb_text][/et_pb_column][/et_pb_row][/et_pb_section]</p>

<p>[et_pb_section fb_built= »1&Prime; _builder_version= »4.8.2&Prime; _module_preset= »default » background_image= »https://cste.be/cse/wp-content/uploads/2021/01/BATIMENTS_CSE-4-scaled.jpg » custom_padding= »||58px||| » hover_enabled= »0&Prime; title_text= »BATIMENTS_CSE-4&Prime; sticky_enabled= »0&Prime;][et_pb_row _builder_version= »4.6.6&Prime; _module_preset= »default »][et_pb_column type= »4_4&Prime; _builder_version= »4.6.6&Prime; _module_preset= »default »][et_pb_text _builder_version= »4.6.6&Prime; _dynamic_attributes= »content » _module_preset= »default » text_font= »|||on||||| » text_text_color= »#ffffff » text_font_size= »31px » text_orientation= »center » text_text_shadow_style= »preset1&Prime;]@ET-DC@eyJkeW5hbWljIjp0cnVlLCJjb250ZW50IjoicG9zdF90aXRsZSIsInNldHRpbmdzIjp7ImJlZm9yZSI6IiIsImFmdGVyIjoiIn19@[/et_pb_text][/et_pb_column][/et_pb_row][/et_pb_section][et_pb_section fb_built= »1&Prime; _builder_version= »4.6.6&Prime; _module_preset= »default »][et_pb_row _builder_version= »4.6.6&Prime; _module_preset= »default »][et_pb_column type= »4_4&Prime; _builder_version= »4.6.6&Prime; _module_preset= »default »][et_pb_text _builder_version= »4.6.6&Prime; _module_preset= »default »] Le Collège Saint-Etienne ne sépare pas l&rsquo;éducation humaine de l&rsquo;éducation chrétienne. Une communauté éducative d&rsquo;enseignement catholique est ouverte au monde, respectant et cultivant [&hellip;]</p>
