{"id":168,"date":"2021-05-27T16:14:57","date_gmt":"2021-05-27T14:14:57","guid":{"rendered":"http:\/\/cste.be\/msg\/new\/?page_id=168"},"modified":"2023-05-15T15:37:55","modified_gmt":"2023-05-15T13:37:55","slug":"acces","status":"publish","type":"page","link":"https:\/\/cste.be\/msg\/acces\/","title":{"rendered":"Acc\u00e8s"},"content":{"rendered":"<div class=\"wpb-content-wrapper\"><p>[vc_row][vc_column]<div class=\"ult-animation  ult-animate-viewport  ult-no-mobile \" data-animate=\"bounceIn\" data-animation-delay=\"0\" data-animation-duration=\"3\" data-animation-iteration=\"1\" style=\"opacity:0;\" data-opacity_start_effect=\"\">[vc_empty_space height=\u00a0\u00bb20px\u00a0\u00bb]<div id=\"ultimate-heading-671569d29440457eb\" class=\"uvc-heading ult-adjust-bottom-margin ultimate-heading-671569d29440457eb uvc-9534 \" data-hspacer=\"no_spacer\"  data-halign=\"center\" style=\"text-align:center\"><div class=\"uvc-heading-spacer no_spacer\" style=\"top\"><\/div><div class=\"uvc-main-heading ult-responsive\"  data-ultimate-target='.uvc-heading.ultimate-heading-671569d29440457eb h2'  data-responsive-json-new='{\"font-size\":\"\",\"line-height\":\"\"}' ><h2 style=\"font-weight:normal;\">Mobilit\u00e9<\/h2><\/div><\/div>[vc_empty_space height=\u00a0\u00bb20px\u00a0\u00bb][vc_tta_tabs color=\u00a0\u00bborange\u00a0\u00bb spacing=\u00a0\u00bb3&Prime; active_section=\u00a0\u00bb1&Prime;][vc_tta_section title=\u00a0\u00bbTEC\u00a0\u00bb tab_id=\u00a0\u00bb1629805739767-945240ce-2207&Prime;][vc_column_text]TEC : <a href=\"http:\/\/www.letec.be\" target=\"_blank\" rel=\"noopener noreferrer\">www.letec.be<\/a><\/p>\n<p><strong>Nouveau&nbsp;<\/strong>: Ligne 51 : Villers-La-Ville, Tilly, Mellery, Mont-Saint-Guibert (Gare)<\/p>\n<p>Ligne 30 : Nil, Tourinnes, Walhain, Chastre, Mont-Saint-Guibert<\/p>\n<p>Ligne 34 : Chastre, Walhain, Nil, Corbais, Mont-Saint-Guibert<\/p>\n<p>Ligne 205 Proxibus : Chastre, Noirmont, Cortil, Gentinnes, Saint-G\u00e9ry, Villeroux, H\u00e9villers, Mont-Saint-Guibert<\/p>\n<p>TEC Express 4 : Louvain-La-Neuve, Baurieux[\/vc_column_text][\/vc_tta_section][vc_tta_section title=\u00a0\u00bbSNCB\u00a0\u00bb tab_id=\u00a0\u00bb1629805739778-c9ca8ded-83ad\u00a0\u00bb][vc_column_text]<strong>SNCB<\/strong> (Gare \u00e0 10 minutes \u00e0 pied du Coll\u00e8ge)<strong>&nbsp;<\/strong>: <a href=\"http:\/\/www.sncb.be\" target=\"_blank\" rel=\"noopener noreferrer\">www.sncb.be<\/a><\/p>\n<p>Ligne 161 : Ligne Bruxelles &#8211; Mont-Saint-Guibert &#8211; Namur<\/p>\n<p><img loading=\"lazy\" decoding=\"async\" class=\"alignnone wp-image-587 size-full\" src=\"https:\/\/cste.be\/msg\/new\/wp-content\/uploads\/2021\/08\/gare-ecole.jpg\" alt=\"\" width=\"1427\" height=\"799\" srcset=\"https:\/\/cste.be\/msg\/wp-content\/uploads\/2021\/08\/gare-ecole.jpg 1427w, https:\/\/cste.be\/msg\/wp-content\/uploads\/2021\/08\/gare-ecole-300x168.jpg 300w, https:\/\/cste.be\/msg\/wp-content\/uploads\/2021\/08\/gare-ecole-1024x573.jpg 1024w, https:\/\/cste.be\/msg\/wp-content\/uploads\/2021\/08\/gare-ecole-768x430.jpg 768w, https:\/\/cste.be\/msg\/wp-content\/uploads\/2021\/08\/gare-ecole-600x336.jpg 600w\" sizes=\"auto, (max-width: 1427px) 100vw, 1427px\" \/>[\/vc_column_text][\/vc_tta_section][vc_tta_section title=\u00a0\u00bbVOITURE &#8211; 2 ROUES &#8211; PI\u00c9TON\u00a0\u00bb tab_id=\u00a0\u00bb1629805806260-0d01e86d-2cb7&Prime;][vc_column_text]<img loading=\"lazy\" decoding=\"async\" class=\"alignnone wp-image-588 size-full\" src=\"https:\/\/cste.be\/msg\/new\/wp-content\/uploads\/2021\/08\/rue-scolaire.jpg\" alt=\"\" width=\"639\" height=\"905\" srcset=\"https:\/\/cste.be\/msg\/wp-content\/uploads\/2021\/08\/rue-scolaire.jpg 639w, https:\/\/cste.be\/msg\/wp-content\/uploads\/2021\/08\/rue-scolaire-212x300.jpg 212w, https:\/\/cste.be\/msg\/wp-content\/uploads\/2021\/08\/rue-scolaire-600x850.jpg 600w\" sizes=\"auto, (max-width: 639px) 100vw, 639px\" \/>[\/vc_column_text][\/vc_tta_section][\/vc_tta_tabs]<\/div>[\/vc_column][\/vc_row][vc_row][vc_column][vc_gmaps link=\u00a0\u00bb#E-8_JTNDaWZyYW1lJTIwc3JjJTNEJTIyaHR0cHMlM0ElMkYlMkZ3d3cuZ29vZ2xlLmNvbSUyRm1hcHMlMkZlbWJlZCUzRnBiJTNEJTIxMW0xOCUyMTFtMTIlMjExbTMlMjExZDI1MzAuNDMyMDQ2MjU0MTY0NiUyMTJkNC41OTk2MjM0MTU5MjU4OTglMjEzZDUwLjYzNzY2Njc3OTUwMTYzJTIxMm0zJTIxMWYwJTIxMmYwJTIxM2YwJTIxM20yJTIxMWkxMDI0JTIxMmk3NjglMjE0ZjEzLjElMjEzbTMlMjExbTIlMjExczB4NDdjMTdlNDliMTU1MWQzYiUyNTNBMHhlMzNlZjU2NzE2NWI2OGFjJTIxMnNDb2xsJTI1QzMlMjVBOGdlJTI1MjBkZXMlMjUyMEhheWVmZmVzJTIxNWUwJTIxM20yJTIxMXNmciUyMTJzYmUlMjE0djE1ODM3NTM5Mzg0MDMlMjE1bTIlMjExc2ZyJTIxMnNiZSUyMiUyMHdpZHRoJTNEJTIyNjAwJTIyJTIwaGVpZ2h0JTNEJTIyNDUwJTIyJTIwZnJhbWVib3JkZXIlM0QlMjIwJTIyJTIwc3R5bGUlM0QlMjJib3JkZXIlM0EwJTNCJTIyJTIwYWxsb3dmdWxsc2NyZWVuJTNEJTIyJTIyJTNFJTNDJTJGaWZyYW1lJTNF\u00a0\u00bb title=\u00a0\u00bbLe Coll\u00e8ge des Hayeffes\u00a0\u00bb][\/vc_column][\/vc_row]<\/p>\n<\/div>","protected":false},"excerpt":{"rendered":"<p>[vc_row][vc_column][\/vc_column][\/vc_row][vc_row][vc_column][vc_gmaps link=\u00a0\u00bb#E-8_JTNDaWZyYW1lJTIwc3JjJTNEJTIyaHR0cHMlM0ElMkYlMkZ3d3cuZ29vZ2xlLmNvbSUyRm1hcHMlMkZlbWJlZCUzRnBiJTNEJTIxMW0xOCUyMTFtMTIlMjExbTMlMjExZDI1MzAuNDMyMDQ2MjU0MTY0NiUyMTJkNC41OTk2MjM0MTU5MjU4OTglMjEzZDUwLjYzNzY2Njc3OTUwMTYzJTIxMm0zJTIxMWYwJTIxMmYwJTIxM2YwJTIxM20yJTIxMWkxMDI0JTIxMmk3NjglMjE0ZjEzLjElMjEzbTMlMjExbTIlMjExczB4NDdjMTdlNDliMTU1MWQzYiUyNTNBMHhlMzNlZjU2NzE2NWI2OGFjJTIxMnNDb2xsJTI1QzMlMjVBOGdlJTI1MjBkZXMlMjUyMEhheWVmZmVzJTIxNWUwJTIxM20yJTIxMXNmciUyMTJzYmUlMjE0djE1ODM3NTM5Mzg0MDMlMjE1bTIlMjExc2ZyJTIxMnNiZSUyMiUyMHdpZHRoJTNEJTIyNjAwJTIyJTIwaGVpZ2h0JTNEJTIyNDUwJTIyJTIwZnJhbWVib3JkZXIlM0QlMjIwJTIyJTIwc3R5bGUlM0QlMjJib3JkZXIlM0EwJTNCJTIyJTIwYWxsb3dmdWxsc2NyZWVuJTNEJTIyJTIyJTNFJTNDJTJGaWZyYW1lJTNF\u00a0\u00bb title=\u00a0\u00bbLe Coll\u00e8ge des Hayeffes\u00a0\u00bb][\/vc_column][\/vc_row]<\/p>\n","protected":false},"author":1,"featured_media":0,"parent":0,"menu_order":50,"comment_status":"closed","ping_status":"closed","template":"page.php","meta":{"ngg_post_thumbnail":0,"footnotes":""},"class_list":["post-168","page","type-page","status-publish","hentry"],"_links":{"self":[{"href":"https:\/\/cste.be\/msg\/wp-json\/wp\/v2\/pages\/168","targetHints":{"allow":["GET"]}}],"collection":[{"href":"https:\/\/cste.be\/msg\/wp-json\/wp\/v2\/pages"}],"about":[{"href":"https:\/\/cste.be\/msg\/wp-json\/wp\/v2\/types\/page"}],"author":[{"embeddable":true,"href":"https:\/\/cste.be\/msg\/wp-json\/wp\/v2\/users\/1"}],"replies":[{"embeddable":true,"href":"https:\/\/cste.be\/msg\/wp-json\/wp\/v2\/comments?post=168"}],"version-history":[{"count":6,"href":"https:\/\/cste.be\/msg\/wp-json\/wp\/v2\/pages\/168\/revisions"}],"predecessor-version":[{"id":2770,"href":"https:\/\/cste.be\/msg\/wp-json\/wp\/v2\/pages\/168\/revisions\/2770"}],"wp:attachment":[{"href":"https:\/\/cste.be\/msg\/wp-json\/wp\/v2\/media?parent=168"}],"curies":[{"name":"wp","href":"https:\/\/api.w.org\/{rel}","templated":true}]}}